).
-6
Let y be (-3010)/112 - ((-69)/24 - -3). Let r(u) = -u**2 - 28*u - 20. Determine r(y).
7
Let z be (12/(-21))/((-12)/546). Suppose -2*p = -4*s + p - z, 0 = -3*s + 5*p - 25. Let y(c) = -c**3 - 5*c**2 + 4. Determine y(s).
4
Let k be 10/65 - (-2)/78*-201. Let n = -3 - -5. Let q(i) = 3*i + 7 - 2*i - n*i. What is q(k)?
12
Let g(i) = -2*i. Let x(b) = -3*b + 2. Let p(q) = 2*q - 3. Let m(a) = 6*p(a) + 7*x(a). Let r be m(-1). What is g(r)?
-10
Let a = -5 + 7. Suppose a = i + 3. Let p(z) = -2*z**2 + z - 2. Let b(h) = h**3 - 2*h**2 + 2*h - 3. Let g(r) = 2*b(r) - 3*p(r). What is g(i)?
-1
Let a be ((-2)/4)/(8/(-96)). Suppose 2*r + 2*u = a, -3*r - 2*r + 15 = -4*u. Let s(b) = -b**2 - 3. Determine s(r).
-12
Let l(c) = -4*c - 2*c**2 + 2 - c**2 + 4*c**2. Let p be l(0). Let g(v) = -2*v**2 + 3*v. Calculate g(p).
-2
Let x(j) = 3*j**2 - 3*j - 1. Let i(v) = -v**2 - v - 1. Let f(q) = 4*i(q) + x(q). Give f(-5).
5
Let o = -93 + 92. Let v = 3 + 1. Let r(w) = v + 7*w + 2*w - 3. What is r(o)?
-8
Let m(r) = 16*r**2 + 3*r + 9. Let u(l) = -18*l**2 - 4*l - 13. Let y(z) = -3*m(z) - 2*u(z). Give y(-1).
-12
Let j(n) = -n - 11. Let q = -2020 + 2014. What is j(q)?
-5
Let w(n) = 3*n**3 - 6*n**2 - 6*n - 6. Let k(m) = -7*m**3 + 13*m**2 + 13*m + 13. Let b(d) = 2*k(d) + 5*w(d). Determine b(4).
-20
Let v(s) = s**3 - 4*s**2 - 6*s + 5. Let w(z) = 2*z + 20. Let x be w(-20). Let q = x - -25. Determine v(q).
0
Suppose 6*p + 5*v = p - 50, 2*p - v = -5. Let b(x) = x**3 + 5*x**2 - 6*x + 2. Let q be b(-6). Let w(l) = 0*l - 2*l + 3 - l**2 + 3 - q*l. What is w(p)?
1
Let w(v) be the third derivative of 23*v**4/24 - 14*v**2. What is w(1)?
23
Let n(u) = 4*u - 45. Let i(l) = 2*l - 32. Let o(v) = -7*i(v) + 5*n(v). Determine o(3).
17
Let v(m) = 3*m**2 - 11*m**2 - m**2 - 5 - 13*m + 8*m**2. What is v(-13)?
-5
Let r(i) = 2*i - 1. Let t(y) = -y + 1. Let c be t(-2). Determine r(c).
5
Let f(a) be the third derivative of a**4/12 - 5*a**3/2 + 97*a**2. What is f(10)?
5
Suppose -3*c + 2*p = 68, 0*p + 19 = -c - 3*p. Let z be 6/4 - c/(-4). Let i(a) = 2 + 2*a - 6 - a. What is i(z)?
-8
Let l(k) = -13 + 13 + 2*k**2 - 2*k. Let d be l(2). Let g(c) = 8 - c - c - c + d*c. Give g(-7).
1
Let c(z) be the first derivative of z**2 - 7*z + 225. Give c(8).
9
Let b(g) = -32*g + 42*g - 46 - 22*g. Let y be b(-4). Let p(z) = -3*z**2 + 2*z + 1. Determine p(y).
-7
Let v(c) = -c + 1. Let q be v(-3). Suppose -q*a - 6 = -5*a. Let i(y) = -508 + 1021 + 3*y - 508 - 2*y. Determine i(a).
11
Suppose q + 4 = -2*i + 9, 5*q = -5*i + 20. Let u(w) = -4 - q - w + 2*w. Let l be 351/45 - (-3)/15. What is u(l)?
1
Let r = -111 + 105. Suppose -4*m + 3*t + 59 = 0, -5*m - 3*t = -0*t - 40. Let i(o) = -2*o**2 - m + 3 - o**3 - 7*o - 5*o**2. Calculate i(r).
-2
Let y(w) = w**2 - w. Let a be y(1). Let u(c) = 5*c - 3*c - 3*c + a*c. Give u(5).
-5
Let z(a) = a**2 + 10*a + 7. Suppose 2*o = 0, -4*b + 128 = 3*o - 4. Let t = b + -39. What is z(t)?
-17
Let z(h) be the third derivative of -h**5/60 - h**4/8 + 5*h**3/3 + 939*h**2. Determine z(-8).
-30
Let d(y) = 4*y - 6. Suppose 5*r = 2*c - 0 - 3, -3 = c - 4*r. Determine d(c).
30
Let y(l) = -l**3 - 4*l**2 - 3*l. Let k be -1*((-3)/1 + 1). Let z be k*3/(-3)*-3. Let g(j) = -j**2 + 5*j + 3. Let r be g(z). Calculate y(r).
0
Let b(o) = -3*o**2 - 3*o - 5 - 3*o - o + 3*o. Let w(d) = d - 9 - 8 - 10*d**2 - 13*d + 1. Let p(r) = 7*b(r) - 2*w(r). Determine p(-2).
1
Let g(j) = 5*j - 3. Let w(p) = 9*p - 6. Let r(x) = -x**2 + 9*x + 10. Let n be r(10). Suppose -l + 8 - 1 = n. Let a(v) = l*g(v) - 4*w(v). Determine a(6).
-3
Let n be ((-1)/(-3) - 0)*15. Suppose -5*l = -6*i + 2*i - 153, 2*l + n*i - 81 = 0. Let u = l - 29. Let s(w) = w**3 - 3*w**2 - 7*w + 6. Give s(u).
-6
Let v = -21 - -26. Let l(n) = 5*n**2 - 2*n**3 + 0*n**3 - 7 + n**3 + n**2 - 4*n. Calculate l(v).
-2
Suppose -29*h = -h. Let u(l) = -4*l - 2. Determine u(h).
-2
Let w(q) be the second derivative of -q**3/6 + 129*q. Calculate w(-5).
5
Suppose -5*q = -4*f + 23, -f + 4*q + 5 = 3*q. Suppose 2*n = -3*n + 125. Suppose -5*u = -n, -f*r + 2*u = -0*r + 14. Let g(c) = -4*c - 1. Determine g(r).
7
Let u(v) = 3*v + 6. Let m be -1 + 4/12*3. Let p(t) = t**3 - t**2 - 3. Let a be p(m). Let w(h) = -2*h - 3. Let i(s) = a*u(s) - 5*w(s). What is i(-4)?
-7
Let b(t) be the third derivative of t**6/40 - t**5/30 + t**4/24 + 167*t**2. Calculate b(1).
2
Let k = -57 - -55. Let w(q) be the third derivative of 5*q**4/24 + q**3/3 + 2*q**2. Calculate w(k).
-8
Suppose -5*x - 29 = 4*v - 3*v, -25 = 5*v + x. Let p(l) = 3*l. What is p(v)?
-12
Let f(i) = -4*i - 2. Let l(b) = 8*b + 4. Let j(a) = -9*f(a) - 4*l(a). Let u = -1 - -3. Let q be -3 - 2*(-1)/u. What is j(q)?
-6
Let s(c) = 7*c**2 - 11*c + 8. Let k(r) = -3*r**2 + 5*r - 4. Let i(q) = 9*k(q) + 4*s(q). Let a(m) = 2*m**2 + 3*m - 8. Let b(j) = 3*a(j) - 5*i(j). What is b(-3)?
-7
Let l(g) be the first derivative of -10/3*g**3 + 0*g**2 + 1/120*g**5 + 0*g + 11 + 1/8*g**4. Let z(y) be the third derivative of l(y). Calculate z(0).
3
Suppose 3*b + 2*y - 17 = 0, -3*b - 15 = -4*b - 3*y. Let n(m) = -3*m - 2. What is n(b)?
-11
Let z(f) be the second derivative of -f**4/12 - 5*f**3/6 + 3*f**2/2 - 194*f. Determine z(-5).
3
Let h(m) = m**3 + 4*m**2 - 6*m + 5. Let x be (-1 + 2)*(-24 + 13 - -6). Give h(x).
10
Let t(g) = -g**3 + g. Let r(m) = 5*m**3 - 5*m**2 - 2. Let o = -4 + -2. Let p(c) = o*t(c) - r(c). Suppose 0 = 4*n - 3*n + 6. What is p(n)?
2
Let i be (-1 - (-6)/4)/(2/4). Let b(y) = -11*y**3 + 4*y**2 + y. Let u(d) = -d**3 + d**2 + d. Let v(k) = -b(k) + 2*u(k). Determine v(i).
8
Let m(i) = i**3 + 5*i**2 + 2*i + 4. Let l = -12 + 10. Let b be (l - -8)/2 + 2. Suppose 5*h = -3*x - 25, -x - 3*x = h + b. Calculate m(h).
-6
Let k(y) be the second derivative of y**3/6 - 13*y**2/2 - y. Let c = -108 - -114. Give k(c).
-7
Let w(g) = -g**2 + 2*g + 5. Let l be 11/((-66)/(-9))*2. Calculate w(l).
2
Suppose -4 = -4*m + 4. Let q be (-7)/m - (-2)/4. Let o(z) = -z + 1. Let a(k) = -k**2 - k - 2. Let y(d) = a(d) + 3*o(d). Give y(q).
4
Suppose 3*u + 34 - 40 = -c, -28 = 2*c - 2*u. Let g(a) = a**2 + 9*a + 4. Determine g(c).
4
Let m(x) = x**2 + 12. Let f(t) = 8*t - t**2 + 3*t - 10*t + 0*t - 11. Let v(j) = 6*f(j) + 5*m(j). Calculate v(6).
-6
Let k(f) = -3*f**2 - 3*f. Suppose 0 = -3*d + 12 - 6. Suppose -16 = 3*x + d*j, -j + 3 + 0 = -4*x. Give k(x).
-6
Let y(u) be the third derivative of u**4/24 - u**3 - u**2. Let n(z) = -z**3 + 5*z**2 + 7*z - 3. Let g be (22/7 + -4)*-7. Let v be n(g). Give y(v).
-3
Let k = -287 + 282. Let i(y) = -2*y**2 + 6*y + 5. Let t(b) = b**2 - 5*b - 4. Let s(m) = 2*i(m) + 3*t(m). Calculate s(k).
-12
Suppose k = -0*k - 5*u - 14, 4*k + 2*u - 16 = 0. Suppose -5*i = -2*i - k. Let t(m) = m**3 - m**2 - m - 2. Give t(i).
0
Let o be (-22)/(-143) - 24/(-13). Let u(t) = 12*t**2 - 3 - 13*t**o + 6. Determine u(-5).
-22
Let q be (-2)/(8/3)*-8. Suppose 2 = -4*c + q. Let w(j) = -5*j - 240. Let r(u) = 3*u + 131. Let l(t) = -11*r(t) - 6*w(t). Give l(c).
-4
Suppose 3*x - 14 = 25. Let c = 10 - x. Let q(u) = 5*u**3 - 21*u**2 + 8*u + 9. Let s(h) = h**3 - 5*h**2 + 2*h + 2. Let f(b) = 2*q(b) - 9*s(b). Determine f(c).
6
Let l(w) be the second derivative of 4*w**3/3 - 12*w**2 + 17*w + 4. Give l(3).
0
Suppose 5*q = 41 - 16. Let b(t) = -14*t**3 + 9*t**3 + 7*t**3 + 4*t - 6*t**2 - 6*t**3 + 5*t**3. Calculate b(q).
-5
Let n(j) = -j**2 + 2. Suppose -3*b - 8 = -2. Suppose -14 - 14 = 4*z. Let t be b/(-4)*(z - -7). What is n(t)?
2
Let i(j) = j**2 + 4*j - 4. Let r(h) = -h + 9. Let x be r(-12). Let c = -26 + x. Give i(c).
1
Suppose 3 = 3*n - 3. Suppose 5*k = -2 + 17. Let p(a) = -2*a + 2*a - 3 + k*a. What is p(n)?
3
Let x(d) be the second derivative of -d**5/20 - d**4/4 - d**3/3 - 3*d**2 + 17*d + 3. Give x(-3).
0
Let q be (-2)/(-11) - 13/11. Let u(w) = -8*w**2 + 1. What is u(q)?
-7
Suppose 9*b - 46 = -19. Let k(s) = 2 - 97*s**3 + s - 101*s**b + 199*s**3 - 5*s**2. What is k(5)?
7
Let j be (-3 - (-4 - -1))*1. Suppose -z - 4*g = 5 + 4, j = -5*g - 20. Suppose z = -0*h - 3*h + 4*s, 2*s = -h - 9. Let i(n) = -n**2 - 7*n + 5. What is i(h)?
15
Let i(f) = f + 28. Let q be i(-26). Let t be (4/(-5))/(1/(-10)). Let d(o) = -o**q + t*o + 1 - 3*o + 8*o**3 - 6*o. Determine d(1).
7
Let i(q) = -2*q - 1. Let o(p) = -p**2 - 2*p - 1. Suppose 28 = -2*u + 4*s, 5*u + 5*s - s = 0. Let v(f) = u*o(f) + 5*i(f). Determine v(-1).
5
Let o(j) =